f 4203532535?
5
What is the thousands digit of 667177353?
7
What is the ten thousands digit of 1334311877?
1
What is the hundred millions digit of 262134635?
2
What is the billions digit of 6380189801?
6
What is the units digit of 31389345?
5
What is the tens digit of 4377479?
7
What is the hundreds digit of 247607741?
7
What is the ten millions digit of 37320533?
3
What is the thousands digit of 5211564741?
4
What is the millions digit of 366635854?
6
What is the ten millions digit of 1699282116?
9
What is the tens digit of 163466846?
4
What is the millions digit of 128000415?
8
What is the thousands digit of 32749371?
9
What is the ten millions digit of 3716978262?
1
What is the ten thousands digit of 11844378?
4
What is the thousands digit of 1130971753?
1
What is the ten thousands digit of 10160325?
6
What is the hundreds digit of 215895322?
3
What is the ten millions digit of 941235855?
4
What is the tens digit of 31924553?
5
What is the hundred millions digit of 246175930?
2
What is the millions digit of 376136126?
6
What is the hundred thousands digit of 1530204973?
2
What is the tens digit of 98101263?
6
What is the hundreds digit of 2428627267?
2
What is the millions digit of 1137775974?
7
What is the millions digit of 4199278650?
9
What is the hundred thousands digit of 76886376?
8
What is the ten thousands digit of 12054836?
5
What is the thousands digit of 287352163?
2
What is the thousands digit of 313913898?
3
What is the hundreds digit of 66971221?
2
What is the hundreds digit of 2859930191?
1
What is the ten thousands digit of 53066401?
6
What is the thousands digit of 45785830?
5
What is the hundred thousands digit of 3555788232?
7
What is the tens digit of 75492234?
3
What is the hundreds digit of 705436567?
5
What is the units digit of 272492078?
8
What is the hundred millions digit of 341198517?
3
What is the millions digit of 34875320?
4
What is the millions digit of 432270525?
2
What is the ten millions digit of 1065885613?
6
What is the ten millions digit of 2254626658?
5
What is the ten millions digit of 1223494042?
2
What is the millions digit of 1160906474?
0
What is the hundred millions digit of 3513009318?
5
What is the millions digit of 147124061?
7
What is the hundreds digit of 1035275062?
0
What is the units digit of 45720643?
3
What is the units digit of 52368163?
3
What is the thousands digit of 124317870?
7
What is the hundreds digit of 21778658?
6
What is the ten millions digit of 734729520?
3
What is the hundred thousands digit of 310595925?
5
What is the hundreds digit of 656186?
1
What is the hundred thousands digit of 189432804?
4
What is the hundred thousands digit of 397481913?
4
What is the ten millions digit of 5237504720?
3
What is the hundred millions digit of 115522085?
1
What is the millions digit of 70091353?
0
What is the hundred thousands digit of 8443754?
4
What is the ten thousands digit of 3758141445?
4
What is the tens digit of 20931631?
3
What is the millions digit of 15973469?
5
What is the hundreds digit of 66626842?
8
What is the hundreds digit of 79338027?
0
What is the hundreds digit of 45056055?
0
What is the hundred millions digit of 5058856980?
0
What is the hundreds digit of 39534681?
6
What is the millions digit of 2169603804?
9
What is the tens digit of 49583944?
4
What is the millions digit of 112161900?
2
What is the hundreds digit of 43110415?
4
What is the thousands digit of 256583931?
3
What is the tens digit of 481684644?
4
What is the tens digit of 1930959449?
4
What is the ten millions digit of 1559188056?
5
What is the millions digit of 75786571?
5
What is the tens digit of 1992137903?
0
What is the units digit of 5767240207?
7
What is the ten millions digit of 57176221?
5
What is the units digit of 250910989?
9
What is the millions digit of 39338581?
9
What is the units digit of 110664906?
6
What is the hundred millions digit of 3815875614?
8
What is the ten thousands digit of 16498387?
9
What is the thousands digit of 67319334?
9
What is the hundred thousands digit of 2562593814?
5
What is the tens digit of 2810093765?
6
What is the thousands digit of 108351935?
1
What is the millions digit of 164591204?
4
What is the tens digit of 4531339669?
6
What is the hundreds digit of 1687934008?
0
What is the tens digit of 202012506?
0
What is the thousands digit of 235419802?
9
What is the hundred thousands digit of 58403479?
4
What is the tens digit of 44328853?
5
What is the tens digit of 49406449?
4
What is the units digit of 9533870101?
1
What is the ten millions digit of 33616202?
3
What is the ten thousands digit of 67287895?
8
What is the hundreds digit of 561247353?
3
What is the millions digit of 7280628921?
0
What is the hundred thousands digit of 3350030830?
0
What is the tens digit of 6906051146?
4
What is the thousands digit of 85149863?
9
What is the millions digit of 62949808?
2
What is the tens digit of 130534070?
7
What is the millions digit of 514875632?
4
What is the tens digit of 1168525293?
9
What is the hundred thousands digit of 47996479?
9
What is the millions digit of 348812252?
8
What is the ten millions digit of 29896575?
2
What is the ten thousands digit of 693928685?
2
What is the millions digit of 1966865640?
6
What is the units digit of 92420152?
2
What is the ten millions digit of 216326751?
1
What is the thousands digit of 2818339015?
9
What is the thousands digit of 51466076?
6
What is the hundred thousands digit of 706166818?
1
What is the tens digit of 624828437?
3
What is the billions digit of 2233544381?
2
What is the units digit of 220418134?
4
What is the ten millions digit of 187999771?
8
What is the tens digit of 203304391?
9
What is the ten millions digit of 110252414?
1
What is the hundred thousands digit of 3369649690?
6
What is the millions digit of 278729871?
8
What is the hundred millions digit of 1737246200?
7
What is the ten thousands digit of 4439202479?
0
What is the millions digit of 99106652?
9
What is the ten millions digit of 71376759?
7
What is the thousands digit of 121552968?
2
What is the millions digit of 636826918?
6
What is the thousands digit of 77984329?
4
What is the millions digit of 243708509?
3
What is the thousands digit of 48801421?
1
What is the units digit of 2435984941?
1
What is the ten thousands digit of 4213792136?
9
What is the thousands digit of 874671965?
1
What is the hundred thousands digit of 155257047?
2
What is the units digit of 656839358?
8
What is the hundreds digit of 139453447?
4
What is the tens digit of 2804300787?
8
What is the tens digit of 3022261387?
8
What is the millions digit of 32736627?
2
What is the millions digit of 617961444?
7
What is the thousands digit of 7559490?
9
What is the units digit of 93371345?
5
What is the hundreds digit of 86054262?
2
What is the ten millions digit of 108822134?
0
What is the hundreds digit of 1208062964?
9
What is the tens digit of 1887743337?
3
What is the hundreds digit of 392476427?
4
What is the thousands digit of 54998620?
8
What is the hundreds digit of 7880967354?
3
What is the hundreds digit of 198512993?
9
What is the hundred millions digit of 4015573398?
0
What is the hundred thousands digit of 1364406321?
4
What is the thousands digit of 8798688?
8
What is the millions digit of 36175318?
6
What is the hundred millions digit of 1169347164?
1
What is the hundreds digit of 85226505?
5
What is the ten millions digit of 427091843?
2
What is the millions digit of 530666772?
0
What is the ten millions digit of 2231620019?
3
What is the ten millions digit of 111240330?
1
What is the ten thousands digit of 124477816?
7
What is the hundred thousands digit of 757711769?
7
What is the ten thousands digit of 63241679?
4
What is the units digit of 1637622452?
2
What is the hundred thousands digit of 182148318?
1
What is the tens digit of 304871902?
0
What is the thousands digit of 103191415?
1
What is the ten millions digit of 30917851?
3
What is the millions digit of 40020080?
0
What is the millions digit of 1951637015?
1
What is the ten millions digit of 89960987?
8
What is the thousands digit of 273672766?
2
What is the thousands digit of 933246607?
6
What is the units digit of 776003023?
3
What is the ten thousands digit of 715282222?
8